. Suppose -4*w + 2*i = -2*w - 60, 0 = i + l. What are the prime factors of w?
3
Let d(u) = 0*u**2 - 9*u - 1 + 8*u - 4 + 2*u**2. Let t be d(4). List the prime factors of -1*3/3 + t.
2, 11
Suppose 11*x + 21743 = 28*x. What are the prime factors of x?
1279
Let c(l) = 2*l + 2. Let y be c(8). Let w = -21 + y. List the prime factors of 56/2 + -1 + w.
2, 3
Suppose 0 = -11*u + 1480 + 1259. What are the prime factors of u?
3, 83
Suppose -5*i = s + 51 - 1067, 0 = -i + s + 208. List the prime factors of i.
2, 3, 17
Let s = -2901 + 4130. List the prime factors of s.
1229
List the prime factors of -4 - (1*-487 - 28/(-14)).
13, 37
What are the prime factors of 2516 - -15*14/(-35)?
2, 5, 251
Let y be 21*6/(-72)*(-4 + 0). Let j(u) = u**3 - 7*u**2 + 12*u - 26. What are the prime factors of j(y)?
2, 29
Let w(k) = 5*k**2 + 8*k - 7*k**2 - 10*k**2 - 20 + k**3 + 6. Let i be w(11). List the prime factors of -2*i*(-1)/(-2).
47
Let s be (2 - 4/(-1))*(-12)/(-8). Let k = s + 38. List the prime factors of k.
47
Suppose -194 = 5*t + 161. Let l = t - -102. List the prime factors of l.
31
Suppose -4*v + 40 = 8. List the prime factors of ((-14)/(-8))/(2/v).
7
Let t = -20 - -35. Let d be ((-2)/4)/(t/60). List the prime factors of 32 + 16/(d + -2).
2, 7
Let p = 13660 + -7431. List the prime factors of p.
6229
Let n be 0/5 - (-184)/4. Suppose f - n = -f. What are the prime factors of f?
23
Let k(i) be the second derivative of 7*i**3/6 + 109*i**2/2 - 7*i. What are the prime factors of k(0)?
109
Suppose 4*q = 4*o - 4, -3*o - 4*q + 18 = 1. What are the prime factors of (-2 - (2 - o))/(-3)*534?
2, 89
Let l(q) = -24*q**2 + 2*q + 1. Let p be 1*(1 + (-1 - 1)). Let a be l(p). Let u = 2 - a. What are the prime factors of u?
3
Let o be (-717)/2*8/(-6). Suppose 0 = 2*h + k - o, -h = -4*k - 130 - 100. What are the prime factors of h?
2, 7, 17
Suppose s + v = 202, -3*s + 5*v - 416 = -5*s. Suppose 0 = 5*h - 2*t - 49 - s, -4*t - 86 = -2*h. What are the prime factors of h?
3, 17
Suppose 0 = 4*q - f + 2*f - 29, 18 = 3*q - 3*f. Let c = q - -51. List the prime factors of c.
2, 29
Let g(j) = -j**2 - 7*j - 6. Let l(h) = -2*h - 1. Let q be l(2). Let s be g(q). Suppose -4*k = s*z - 16, -3*k = -3*z - k + 22. What are the prime factors of z?
2, 3
Let x = -96 + 100. Let h(u) = u**3 + u**2 - u + 6. Let y be h(0). Let f = y - x. List the prime factors of f.
2
Suppose 0 = -3*h - 4*m + 3 + 15, 0 = -4*h + 4*m - 4. Suppose 3*a + n - 157 = -0*n, h*a = -5*n + 83. List the prime factors of a.
2, 3
Let u(q) = 11*q**3 - q**2 + 3. Suppose 2 = o - 0. List the prime factors of u(o).
3, 29
Suppose 2*f + s = 10, f + 3*s = 15 - 5. Suppose -f*h - 4 = -5*h. Suppose 5*a - h*a = 23. List the prime factors of a.
23
Let o(q) = -q**2 + q. Let u be o(-3). Let a be 4/u*-6 - -4. Suppose 75 = -j + a*j. What are the prime factors of j?
3, 5
Let c be 3168/56 + 8/(-14). Let u be -2 - (2/2 - 8). Suppose m = u*m - c. List the prime factors of m.
2, 7
Suppose -4*v + 17 = h, 0 = -h - 5 + 10. Suppose 0 = -2*l + v*l - 16. Suppose -l = -2*w - 4. What are the prime factors of w?
2, 3
Let r(i) = i**3 - 7*i**2 + 6*i + 5. Let l be r(5). Let x(c) = -2*c + 15. What are the prime factors of x(l)?
3, 5
Let i = 31 - 26. What are the prime factors of -148*(i/(-4) - -1)?
37
Let l = 70 - 64. Suppose -358 = -l*b + 62. List the prime factors of b.
2, 5, 7
Let x(a) = -3 + 7*a - 2*a**3 + 195*a**2 + 225*a**2 - 445*a**2. What are the prime factors of x(-13)?
3, 5
Suppose -m = 4*s, -5*m - 5*s = -0*m. Suppose -4*n - 3*w + 550 = 0, m*w = -3*n - 4*w + 409. What are the prime factors of n?
139
Let r = -15 + 22. Suppose 5*u - 2*l - 190 = 0, -5*u + 5*l + r = -183. List the prime factors of u.
2, 19
List the prime factors of (31694/115)/(2/5).
13, 53
What are the prime factors of ((-8)/(-22))/((-112)/(-624008))?
2, 1013
Suppose 138*k = 132*k + 5040. List the prime factors of k.
2, 3, 5, 7
Suppose h - 57 = 81. Suppose d = -d - 4*y - h, 3*y = 5*d + 293. Let l = 91 + d. What are the prime factors of l?
2, 3, 5
Suppose -6*n - 6420 = -10*n. What are the prime factors of n?
3, 5, 107
Let t(m) be the third derivative of m**5/12 + 5*m**4/12 - 13*m**3/6 - 8*m**2. What are the prime factors of t(5)?
2, 3
Let r = -205 + 537. List the prime factors of r.
2, 83
Let u(y) = y**2 - 2*y - 7. Let r be -1 - (-8 - -1)/1. Let h be 33/r + (-1)/2. List the prime factors of u(h).
2
Let d = -27 + 21. Let l = d - -11. Suppose -42 = -u + l*q, 6*u = 4*u - 2*q + 108. What are the prime factors of u?
2, 13
List the prime factors of -5*(-14)/(-35) + 579.
577
Let l be 446/6 + (-1)/3. Let b be 2300/55 - (-6)/33. Let d = l - b. List the prime factors of d.
2
List the prime factors of (-4 - (0 - -1)) + 1151 + -55.
1091
Suppose 0 = -0*m - 2*m - 5*x + 453, -912 = -4*m - 4*x. Suppose -n = k + 2*k - m, 0 = 4*k - n - 310. What are the prime factors of k?
7, 11
Let c(h) = -2 + 15*h**2 + 12*h + 20 + 85*h**3 + 13 - 84*h**3. What are the prime factors of c(-13)?
3, 71
Let d = -25 + 25. Suppose 8*j - 9*j + 153 = d. What are the prime factors of j?
3, 17
Let z be ((-17)/4)/((-2)/(-8)). Suppose -22*j + 15*j = -238. Let n = j + z. What are the prime factors of n?
17
Suppose 8*u - 13*u - 4564 = -2*i, 2279 = i - 4*u. List the prime factors of i.
2287
Let h(n) = n**2 - 8*n + 10. Let d be h(7). Suppose -d*u - 45 = -4*i - 220, -5*u - 4*i = -345. Let c = 98 - u. List the prime factors of c.
3, 11
Let m = 176 - 127. Let i = 179 - m. What are the prime factors of i?
2, 5, 13
Suppose 0 = -439*w + 453*w - 17766. What are the prime factors of w?
3, 47
Suppose 4*m = 2*w - 2138 - 956, 5*m = -4*w - 3874. What are the prime factors of -4*m/24 + (-3 - 0)?
2, 3, 7
Let h(z) = z**2 - 11*z + 8. Let x be h(10). What are the prime factors of (-1)/x*-26*-8?
2, 13
Let v(x) = -x - 4. Let j be v(7). Let w = j + 18. Let q = 30 - w. List the prime factors of q.
23
Suppose v + 3*z - 583 = 1701, -4*v = 3*z - 9163. List the prime factors of v.
2293
Suppose -5*r - 5*v - 30 = 0, 0 = 2*r - v - 0 + 3. List the prime factors of (-1)/((-2)/(-390)*r).
5, 13
Let s(c) be the first derivative of 2*c**3/3 + 5*c**2/2 + 4*c + 4. Let k be s(-3). Suppose -3*d + k = t, -d + 29 = 4*t - 9*t. List the prime factors of d.
2
Let z(p) = p**2 + 5*p - 9. Let x(l) = -l**3 - 4*l**2 + 6*l - 6. Let y be x(-5). Let g be z(y). Suppose g = u + 2*u. List the prime factors of u.
19
Suppose 58*g + 23414 = 127582. List the prime factors of g.
2, 449
Let d(m) = 155*m - 157. What are the prime factors of d(10)?
7, 199
Let j(f) = 30*f**2 - 44*f + 163. What are the prime factors of j(9)?
13
Let u(k) = -k + 9. Let q be u(8). Let y be 0*(6/4 - q). Suppose y*z - z + 13 = 0. What are the prime factors of z?
13
Let n(q) = -3*q + 41. Let c be n(12). Suppose -3*p + 49 = f - 4*p, -4*f + 232 = c*p. What are the prime factors of f?
53
Let i(u) = u**2 - 3*u - 1. Suppose -2*t - 3*m - 3 = 7, -18 = 2*t + 5*m. Let o(v) = -1. Let l(p) = t*i(p) - o(p). What are the prime factors of l(4)?
2
Let a be ((-3)/6)/((-2)/(-12)). Let z(w) be the first derivative of 2*w**3 - w**2 + 5*w + 61. List the prime factors of z(a).
5, 13
Suppose -z + 5 + 6 = 0. Suppose -7*q = -z*q - 40. Let c = 12 + q. List the prime factors of c.
2
Suppose -2*o + 114 = -70. What are the prime factors of o/20 + 2/5?
5
Let f = 97 + 414. List the prime factors of f.
7, 73
Suppose 31 = d + 5*q, 15*d - 18*d - 3*q + 141 = 0. What are the prime factors of d?
3, 17
List the prime factors of ((-1350)/8)/((-2)/24).
3, 5
Suppose d = 2*h - 3198, d + 0*d + 8001 = 5*h. What are the prime factors of h?
1601
Let b(u) be the second derivative of u**3 + 2*u**2 - 2*u. List the prime factors of b(7).
2, 23
Let d(z) = 14*z**2 - 18*z + 87. List the prime factors of d(12).
3, 17, 37
Let z(x) = -x**2 - 12*x - 6. Let b be z(-10). Suppose 5*v - b = 11. Suppose 4*i = 2*l - 38, 26 = 3*l - v*i - 35. What are the prime factors of l?
3
Let w = 9 - 7. Let x(u) = 2*u**2 - 4*u + w*u + 5*u - 7. List the prime factors of x(-4).
13
Let j(v) = -13*v + 35. Let k be j(-13). Let g = -140 + k. What are the prime factors of g?
2
Let i(z) = z**2 + 9*z + 2. Let o be 1 - (4 - 7) - 13. Let q be i(o). Suppose -q*u + 260 = 3*u. What are the prime factors of u?
2, 13
Suppose 4*m + 1882 - 10438 = 0. List the prime factors of m.
3, 23, 31
Suppose 4*q - 10260 = -4*n, 0 = 3*q + n 